 and 78?
6
Calculate the greatest common factor of 17876 and 218872.
436
Calculate the greatest common divisor of 2275 and 406.
7
Calculate the highest common divisor of 640 and 49410.
10
Calculate the highest common divisor of 508 and 9731756.
508
What is the highest common divisor of 28 and 3227?
7
Calculate the highest common factor of 771168 and 60.
12
What is the highest common divisor of 8 and 17210?
2
What is the greatest common divisor of 95 and 9418395?
95
Calculate the highest common divisor of 198 and 34430.
22
Calculate the highest common divisor of 66544 and 48.
16
What is the highest common factor of 307952 and 32?
16
What is the greatest common divisor of 909 and 49894?
101
Calculate the greatest common divisor of 9858 and 6042.
318
Calculate the highest common factor of 25376 and 7904.
416
Calculate the highest common factor of 628 and 1884628.
628
Calculate the greatest common divisor of 3 and 112596.
3
Calculate the greatest common divisor of 204008 and 168.
56
Calculate the greatest common factor of 1296 and 14418.
162
What is the greatest common factor of 1048 and 25414?
262
Calculate the greatest common divisor of 536620 and 420.
140
What is the greatest common divisor of 3961720 and 28?
28
What is the highest common factor of 6882 and 11988?
222
What is the greatest common factor of 4515 and 840?
105
What is the greatest common divisor of 763968 and 414?
138
Calculate the greatest common divisor of 320 and 2335.
5
Calculate the greatest common divisor of 541 and 33001.
541
What is the highest common factor of 8 and 1366?
2
Calculate the greatest common factor of 4590 and 100317.
51
Calculate the greatest common divisor of 189 and 73494.
27
What is the highest common divisor of 3565 and 48484?
713
What is the greatest common factor of 6153 and 1414311?
879
What is the greatest common divisor of 324966 and 6?
6
Calculate the greatest common factor of 2372 and 413914.
1186
Calculate the highest common divisor of 154 and 52030.
22
Calculate the highest common factor of 12416 and 519920.
1552
What is the highest common factor of 203648 and 6?
2
Calculate the greatest common factor of 26355 and 10.
5
Calculate the greatest common factor of 842014 and 334.
334
Calculate the highest common divisor of 78 and 240487.
13
What is the greatest common divisor of 6357 and 16978?
13
What is the greatest common divisor of 516 and 2543622?
258
Calculate the greatest common divisor of 14367 and 15.
3
What is the highest common divisor of 3585 and 15?
15
What is the greatest common factor of 133107 and 156?
39
Calculate the highest common divisor of 427 and 10829.
7
What is the greatest common factor of 616 and 4452602?
154
Calculate the greatest common divisor of 82877 and 179.
179
Calculate the highest common factor of 1455376 and 26.
26
Calculate the greatest common divisor of 225771 and 84.
21
Calculate the greatest common divisor of 7455 and 4899.
213
What is the highest common divisor of 23422 and 28?
14
What is the highest common factor of 123548 and 1608?
268
Calculate the highest common divisor of 26 and 1512823.
13
Calculate the highest common factor of 77749 and 203.
203
What is the greatest common divisor of 36218 and 2912?
182
What is the greatest common divisor of 32472 and 8692?
164
What is the greatest common divisor of 714175 and 980?
245
Calculate the highest common factor of 164 and 91620.
4
Calculate the highest common divisor of 2 and 30655.
1
What is the highest common factor of 18 and 205512?
6
Calculate the highest common divisor of 6100 and 89548.
244
Calculate the greatest common factor of 1806 and 13776.
42
What is the greatest common factor of 1665952 and 64?
32
What is the greatest common factor of 16605 and 495?
45
What is the greatest common factor of 147 and 83153?
49
What is the highest common divisor of 179617 and 265?
53
Calculate the greatest common factor of 1008114 and 401.
401
Calculate the greatest common factor of 720 and 76208.
16
Calculate the highest common divisor of 19226 and 4.
2
Calculate the greatest common factor of 57 and 485.
1
What is the greatest common factor of 169170 and 70?
10
What is the greatest common factor of 543491 and 1293?
431
What is the greatest common factor of 49 and 7?
7
Calculate the greatest common divisor of 36 and 21639.
3
What is the greatest common factor of 64 and 43376?
16
Calculate the greatest common divisor of 29241 and 104329.
361
What is the highest common factor of 108 and 584037?
27
Calculate the greatest common factor of 96 and 19488.
96
What is the highest common divisor of 3934 and 155674?
562
What is the greatest common divisor of 3888 and 276534?
486
What is the greatest common divisor of 43140 and 24?
12
Calculate the greatest common divisor of 39673 and 30361.
97
What is the highest common factor of 2115 and 121?
1
Calculate the highest common divisor of 1208603 and 11.
11
Calculate the greatest common factor of 148295 and 3325.
665
Calculate the greatest common factor of 399422 and 41.
41
What is the greatest common divisor of 7280 and 985400?
520
Calculate the highest common divisor of 30 and 3836655.
15
What is the greatest common factor of 85 and 451635?
5
What is the highest common divisor of 5535 and 943?
41
What is the highest common divisor of 677 and 2?
1
Calculate the highest common divisor of 73324 and 16008.
92
What is the greatest common divisor of 65052 and 2085?
417
What is the greatest common factor of 99 and 319671?
99
What is the highest common divisor of 62426 and 26?
26
Calculate the highest common factor of 133300 and 74820.
860
What is the highest common factor of 2704 and 7228?
52
Calculate the greatest common divisor of 106066 and 1448.
362
Calculate the highest common divisor of 65040 and 5376.
48
What is the highest common divisor of 1062884 and 164?
164
Calculate the greatest common factor of 2 and 3229.
1
What is the greatest common factor of 137785 and 340?
85
Calculate the highest common factor of 1834566 and 6.
6
Calculate the greatest common factor of 102 and 1081778.
34
Calculate the highest common factor of 4145530 and 20.
10
What is the greatest common factor of 632 and 1225369?
79
Calculate the highest common factor of 951122 and 148.
74
Calculate the greatest common divisor of 645 and 3985.
5
What is the highest common factor of 5 and 200830?
5
Calculate the highest common divisor of 18816 and 560.
112
Calculate the greatest common factor of 962 and 123136.
962
Calculate the highest common factor of 4842 and 828.
18
What is the highest common divisor of 2838353 and 1064?
133
Calculate the highest common factor of 41803 and 34.
17
What is the highest common divisor of 4199 and 69173?
221
What is the greatest common divisor of 3227784 and 840?
168
Calculate the greatest common factor of 3062 and 4107673.
1531
Calculate the highest common factor of 700 and 611800.
700
Calculate the greatest common factor of 6804 and 768.
12
Calculate the highest common divisor of 122915 and 31.
31
Calculate the highest common divisor of 203920 and 200.
40
Calculate the highest common divisor of 899082 and 72.
18
Calculate the highest common factor of 422 and 500.
2
What is the highest common factor of 784 and 4096?
16
Calculate the highest common divisor of 557 and 348125.
557
Calculate the highest common factor of 1156 and 925956.
1156
Calculate the highest common divisor of 14 and 3362.
2
Calculate the highest common factor of 36202 and 16.
2
Calculate the highest common factor of 48180 and 3720.
60
Calculate the greatest common divisor of 2769 and 2457.
39
What is the greatest common divisor of 50 and 6?
2
What is the greatest common divisor of 61853 and 66?
11
Calculate the greatest common factor of 4450 and 8275.
25
Calculate the greatest common factor of 66657 and 27.
3
Calculate the greatest common divisor of 32457 and 248.
31
What is the highest common factor of 7075 and 1125?
25
What is the highest common divisor of 451 and 205?
41
What is the highest common divisor of 392 and 6076?
196
What is the highest common factor of 224536 and 8?
8
Calculate the highest common divisor of 316506 and 1682.
58
Calculate the highest common factor of 114 and 41781.
57
What is the highest common divisor of 226032 and 216?
24
What is th